ate the highest common divisor of 105 and 5.
5
What is the greatest common divisor of 686 and 168?
14
What is the greatest common divisor of 4672 and 64?
64
What is the greatest common factor of 18 and 6462?
18
Calculate the highest common factor of 584 and 8.
8
What is the greatest common divisor of 3611 and 230?
23
What is the greatest common divisor of 37 and 127?
1
What is the highest common divisor of 1073 and 3441?
37
What is the highest common divisor of 19 and 54435?
19
What is the highest common divisor of 34146 and 126?
126
Calculate the highest common factor of 40 and 50.
10
Calculate the greatest common factor of 10 and 68.
2
Calculate the greatest common factor of 441 and 9.
9
What is the greatest common divisor of 1173 and 289?
17
What is the greatest common divisor of 288 and 27?
9
Calculate the greatest common factor of 286 and 52.
26
What is the highest common divisor of 1653 and 1026?
57
Calculate the greatest common factor of 1888 and 64.
32
Calculate the greatest common factor of 7650 and 153.
153
Calculate the highest common factor of 160 and 20.
20
Calculate the highest common divisor of 198 and 22.
22
Calculate the highest common factor of 175 and 315.
35
What is the greatest common divisor of 2650 and 300?
50
Calculate the highest common divisor of 889 and 7.
7
What is the greatest common factor of 276 and 736?
92
Calculate the greatest common factor of 90 and 1215.
45
Calculate the greatest common divisor of 21 and 21.
21
Calculate the greatest common divisor of 36 and 288.
36
Calculate the greatest common factor of 3969 and 81.
81
What is the greatest common factor of 32 and 272?
16
What is the greatest common divisor of 12 and 2364?
12
What is the greatest common divisor of 152 and 133?
19
Calculate the greatest common factor of 533 and 41.
41
What is the highest common factor of 2814 and 67?
67
Calculate the greatest common factor of 3498 and 154.
22
What is the highest common divisor of 72 and 264?
24
What is the greatest common divisor of 1224 and 2074?
34
Calculate the greatest common divisor of 105 and 6495.
15
What is the highest common divisor of 980 and 40?
20
What is the highest common divisor of 99 and 176?
11
Calculate the greatest common factor of 1635 and 15.
15
What is the highest common divisor of 12 and 24?
12
Calculate the greatest common divisor of 282 and 12.
6
Calculate the greatest common divisor of 114 and 6.
6
What is the greatest common divisor of 3276 and 1008?
252
What is the greatest common factor of 1107 and 41?
41
Calculate the greatest common factor of 836 and 152.
76
Calculate the greatest common divisor of 988 and 1444.
76
What is the greatest common divisor of 96 and 3720?
24
Calculate the greatest common factor of 7 and 8.
1
What is the greatest common factor of 18 and 474?
6
What is the greatest common divisor of 224 and 1176?
56
What is the highest common factor of 10 and 6?
2
Calculate the greatest common factor of 156 and 1833.
39
Calculate the highest common factor of 250 and 10.
10
Calculate the greatest common factor of 58 and 986.
58
Calculate the greatest common factor of 25 and 100.
25
What is the highest common divisor of 20 and 1395?
5
Calculate the highest common factor of 110 and 22.
22
Calculate the greatest common factor of 1098 and 32574.
366
What is the greatest common factor of 2644 and 4?
4
What is the highest common divisor of 135 and 165?
15
Calculate the highest common divisor of 156 and 1896.
12
What is the highest common divisor of 36 and 5760?
36
Calculate the greatest common factor of 1145 and 105.
5
Calculate the highest common factor of 44010 and 810.
270
What is the highest common factor of 129 and 86?
43
Calculate the greatest common divisor of 2436 and 7.
7
Calculate the greatest common divisor of 118 and 30621.
59
What is the greatest common factor of 7632 and 36?
36
Calculate the greatest common divisor of 119 and 357.
119
Calculate the greatest common divisor of 624 and 26.
26
Calculate the greatest common factor of 11154 and 117.
39
What is the highest common divisor of 49 and 1568?
49
What is the highest common factor of 91 and 224?
7
Calculate the highest common factor of 38 and 16.
2
What is the greatest common divisor of 832 and 1924?
52
Calculate the highest common divisor of 60 and 990.
30
What is the greatest common factor of 9 and 75?
3
Calculate the greatest common factor of 129 and 172.
43
What is the highest common factor of 18 and 558?
18
What is the highest common divisor of 10680 and 168?
24
What is the greatest common factor of 657 and 73?
73
Calculate the highest common factor of 370 and 5365.
185
What is the greatest common divisor of 14 and 402?
2
Calculate the greatest common factor of 100 and 25.
25
Calculate the greatest common divisor of 588 and 324.
12
What is the greatest common divisor of 296 and 97384?
296
What is the highest common factor of 45 and 2730?
15
What is the highest common factor of 806 and 310?
62
Calculate the greatest common factor of 2052 and 38.
38
Calculate the highest common factor of 12913 and 37.
37
What is the highest common divisor of 108 and 222?
6
What is the highest common factor of 1397 and 2286?
127
Calculate the highest common factor of 1547 and 136.
17
What is the greatest common divisor of 33 and 891?
33
Calculate the greatest common divisor of 1219 and 53.
53
Calculate the greatest common factor of 1024 and 136.
8
Calculate the greatest common divisor of 380 and 2140.
20
Calculate the highest common divisor of 81 and 216.
27
What is the greatest common factor of 40 and 120?
40
What is the highest common divisor of 26 and 2678?
26
What is the highest common factor of 3276 and 12?
12
What is the greatest common divisor of 36 and 3096?
36
What is the highest common divisor of 588 and 84?
84
Calculate the greatest common divisor of 15488 and 121.
121
What is the greatest common factor of 8411 and 13?
13
Calculate the greatest common divisor of 68 and 119.
17
What is the highest common factor of 19 and 190?
19
What is the greatest common divisor of 96 and 132?
12
What is the highest common divisor of 270 and 150?
30
Calculate the greatest common divisor of 10 and 15.
5
What is the highest common factor of 578 and 51?
17
What is the highest common factor of 96 and 4944?
48
Calculate the greatest common factor of 17323 and 17.
17
What is the greatest common factor of 72 and 4896?
72
What is the greatest common divisor of 77 and 33?
11
What is the highest common divisor of 92 and 598?
46
Calculate the greatest common divisor of 1885 and 65.
65
Calculate the greatest common divisor of 25 and 3725.
25
Calculate the highest common factor of 319 and 58.
29
What is the highest common factor of 490 and 6125?
245
Calculate the greatest common divisor of 22 and 4950.
22
What is the greatest common factor of 114 and 285?
57
What is the highest common divisor of 1895 and 45?
5
Calculate the highest common factor of 60 and 2304.
12
What is the greatest common factor of 7634 and 88?
22
Calculate the highest common divisor of 68 and 4.
4
Calculate the highest common divisor of 162 and 243.
81
Calculate the highest common divisor of 3281 and 102.
17
What is the highest common divisor of 12441 and 58?
29
Calculate the highest common factor of 14 and 30163.
7
Calculate the highest common divisor of 45951 and 102.
51
Calculate the highest common divisor of 679 and 1552.
97
Calculate the highest common factor of 137 and 5891.
137
What is the highest common divisor of 11581 and 74?
37
What is the greatest common factor of 965 and 5211?
193
Calculate the greatest common divisor of 18 and 2334.
6
What is the highest common factor of 5559 and 2943?
327
What is the greatest common divisor of 275 and 33?
11
What is the highest common factor of 45 and 1515?
15
Calculate the highest common factor of 11 and 1.
1
Calculate the highest common divisor of 24 and 32.
8
What is the highest common factor of 2208 and 864?
96
What is the highest common factor of 100 and 1450?
50
What is the highest common divisor of 16 and 216?
8
Calculate the greatest common divisor of 357 and 672.
21
What is the greatest common divisor of 60 and 4020?
60
Calculate the highest common factor of 48 and 2916.
12
What is the greatest common factor o